2*b = -5*b - 96, -h = -2*k - 5*b. What are the prime factors of k?
2, 3, 5
Suppose 0 = -3*l - 3*n - 174, 2*n + 242 = -4*l + 3*n. Let s = -36 - l. List the prime factors of s.
2, 3
Let z(m) = m**3 - 4*m**2 - 2*m - 4. Let i be z(4). Suppose -4 = 3*c - 2*t, 4*c + 5*t + 7 = 3*c. List the prime factors of i/(-3) - (-2 - c).
2
Let z(v) = v + 2. Let o be 11/3 + (-4)/6. Suppose 0 = o*f - 2*f. What are the prime factors of z(f)?
2
Suppose -2*b = -3*n + 62, 2 = n - 4*b - 32. Let d = n - 8. List the prime factors of d.
2, 5
Let u(f) = -2*f**3 + 1. Let x be u(3). Let h = x + 75. Suppose 0*l + h = 2*l. What are the prime factors of l?
11
Suppose 6*n - 159 = 3*n. Suppose -5*h + u + n = 0, 5*u - 7 = -h + 4*u. List the prime factors of h.
2, 5
Suppose 0 = -3*j + 95 + 1. List the prime factors of j.
2
Let c(z) = -3*z**2 + 12*z**2 - 6*z**2 + 2*z + z. What are the prime factors of c(2)?
2, 3
Let r(j) = j**2 - 6*j + 5. List the prime factors of r(9).
2
Let c be (14/4)/(6/1068). Let d = c + -443. List the prime factors of (1/3)/(4/d).
3, 5
Let f(v) be the third derivative of v**5/60 + v**4/3 - 17*v**3/6 + 9*v**2. List the prime factors of f(-13).
2, 3
Let o be (4/3)/(10/(-390)). List the prime factors of 4 - (o - (-1)/(-1)).
3, 19
Suppose f = 2*r - 6*r + 23, -27 = -3*f + 2*r. Let n(t) = -t**2 + 11*t + 2. Let m be n(f). Suppose m*q = 3*q - 8. What are the prime factors of q?
2
Suppose -5*o + 3*x + x - 3 = 0, -x + 9 = -4*o. Let h be 1/(1 - o/(-6)). Suppose -5*v + 65 = -5*n, 2*n = -h*n - 8. What are the prime factors of v?
11
What are the prime factors of ((-492)/30)/((-2)/5)?
41
What are the prime factors of (-378)/(-15) + 11/(-55)?
5
Let b(d) = d**3 - 7*d**2 + 4*d - 6. Suppose 2*h + 4*n - 1 - 1 = 0, -4*h - 4*n = -16. What are the prime factors of b(h)?
2, 11
Let w be 10/55 + (-106)/(-22). Suppose v - 13 = -w. What are the prime factors of (44/16)/(2/v)?
11
Let g(p) = 29*p - 11. What are the prime factors of g(7)?
2, 3
Let k(z) = -11*z**2 - 3*z + 2. Let b(w) = 5*w**2 + 2*w - 1. Let j(o) = 5*b(o) + 2*k(o). Let d be j(-4). Let g = d + -18. What are the prime factors of g?
13
Let t(j) = -7*j - 10. Let h be t(-8). Suppose -2*d - 21 = 4*z - 57, -2*d = 5*z - h. What are the prime factors of z?
2, 5
Let a(w) = -3*w**3 - w - 1. Let l be a(-1). Suppose l*p + 87 + 20 = 5*x, -5*x - 4*p = -79. List the prime factors of x.
19
Let o be -1 - 6*(-15)/6. Suppose o = m + 5. List the prime factors of m.
3
Suppose 0*p = 4*p. Suppose 0 = 3*g - p*f + 3*f - 12, 2*g - 5*f = -6. Suppose g = -o - o, -5*r + 3*o = -98. What are the prime factors of r?
19
List the prime factors of (-8)/(-14)*7*(-3)/(-6).
2
Let r(f) = 16*f**3 + 2*f**2 - 2*f + 1. Let w be ((-8)/(-2)*-1)/(-1). Suppose w*u + 3*c + 8 = -0, -5*u - 3 = 2*c. What are the prime factors of r(u)?
17
Suppose -10*v + 80 = -10. What are the prime factors of v?
3
Suppose y = -0 + 17. List the prime factors of y.
17
Suppose 0 = -2*s + a - 9, s + 2*a - 18 = 7*a. Let r = s - -14. List the prime factors of r.
7
Suppose -3*s + 981 = -5*d, -4*d + 3*d = -s + 325. What are the prime factors of s?
2, 7, 23
Suppose -4*r + 10 = 2. Suppose -3*h - 37 = -5*t, -r*t + 2*h = h - 14. What are the prime factors of t?
5
Let x(r) = -3*r**2 - 2*r**2 - 3*r + 6*r**2 + 2*r. List the prime factors of x(6).
2, 3, 5
List the prime factors of -4*(-2)/16*26.
13
List the prime factors of 5/20 + 63/4.
2
Let y(i) = -2*i - 1. Let z(d) = -d**3 - 4*d**2 - 3*d - 2. Let s be z(-3). Let r be y(s). Suppose 35 - 83 = -r*k. List the prime factors of k.
2
Let l be ((-24)/7)/(1/(-7)). Suppose 0 = 2*q + 2 - l. What are the prime factors of q?
11
Let t(s) = 2*s**2 - s**2 + 3*s + 2*s**2 + 7. List the prime factors of t(-4).
43
Suppose -18 = 5*y + 4*p, -3*p - 2*p = -3*y + 4. What are the prime factors of 0 + y - -11*1?
3
Suppose 3*a = 2*d - 686, -1359 = -4*d - 3*a + 49. What are the prime factors of d?
349
Let p = -1 + 10. What are the prime factors of p?
3
Suppose 43 = -5*z + 263. Suppose c - z = -4*q - 14, 3*c + q = 46. What are the prime factors of c?
2, 7
Let c = 8 - 9. Let r be (c + 0)*5/5. Let f(s) = -25*s**3 - 2*s**2 - s. What are the prime factors of f(r)?
2, 3
List the prime factors of 2*1/(-6)*-54.
2, 3
Suppose -k - 2 = 3. Let f = k + 10. What are the prime factors of f?
5
Let t(k) = -3*k. What are the prime factors of t(-12)?
2, 3
Let x(b) = 92*b**3 - b. Let f be x(1). Let m = f - 55. Suppose 0 = -y - 3*y + m. List the prime factors of y.
3
Suppose 0 = -5*n + n - 28. Let f = n + 10. Suppose 4*i - 9 = f. What are the prime factors of i?
3
Suppose -85 = -3*w - 2*g, 4*w = 3*w - 3*g + 33. Let f = w + -14. What are the prime factors of f?
13
List the prime factors of (-4)/18 - 443/(-9).
7
Let j(a) = 18*a - 3. Let l be (3 + (-2)/2)*1. Let r be j(l). Suppose -v + r = 12. List the prime factors of v.
3, 7
Let i = -4 + 4. Let j = -8 - i. Let b = 17 + j. What are the prime factors of b?
3
Let s = -6 + 9. Let r be 0 + s/(4 - 3). Suppose -r*p + 2*i + 8 = 3*i, -2*i = -4. List the prime factors of p.
2
Suppose 2*m + 752 = 6*m. List the prime factors of m.
2, 47
Let s(n) be the first derivative of n**5/120 + 3*n**4/8 + n**3/3 - 1. Let v(w) be the third derivative of s(w). List the prime factors of v(-5).
2
Let q = 60 - 15. What are the prime factors of q?
3, 5
Let l(y) = 6*y**2 + 1. Let i(o) = -7*o**2 + o - 2. Let p(u) = 5*i(u) + 6*l(u). What are the prime factors of p(-7)?
2, 5
Let n(z) = 5*z**2 - 4*z - 4. What are the prime factors of n(-3)?
53
Let v be -1 - (-2 - (-2 + -9)). Let l = 8 + v. List the prime factors of (-42)/9*3/l.
7
Let p(d) = d**3 - 11*d**2 + 3*d - 6. What are the prime factors of p(11)?
3
Suppose 0 = -5*u + k + 787, -30*u - 2*k = -25*u - 796. List the prime factors of u.
2, 79
Let g(a) = 27*a - 2. Let k(i) = i**3 - 9*i**2 + 7*i + 9. Let d be k(8). List the prime factors of g(d).
5
Suppose -2*j - 5 = -9. Let b = j + 10. What are the prime factors of b?
2, 3
Let d = -81 + 125. Suppose 2*j = -0*j + d. List the prime factors of j.
2, 11
Suppose -21*a + 962 = -67. List the prime factors of a.
7
Let l(x) = 4*x**2 - 3*x + 2. Let p be l(3). Let a = p - 10. List the prime factors of a.
19
Let w be 1/((-1)/3) - -3. Suppose w = 5*o - 2*o - 45. What are the prime factors of o?
3, 5
Suppose -k + 18 = -3*k. Let s be -12*(12/k - -1). Suppose -5*o = -m - 7, 11 + 3 = s*o + 2*m. List the prime factors of o.
2
Let g = 190 - 110. What are the prime factors of g?
2, 5
Let m = 1 + 1. Let a be m/10 - 1/5. Suppose -3*u = 3*i - 30, 0 = -3*i - a*u + 4*u + 23. What are the prime factors of i?
3
Let h = 1 + -5. Let c = -1 - h. What are the prime factors of c?
3
Suppose -i = -1 - 0. Suppose 0 = -n + 3 + i. What are the prime factors of n?
2
Let p = -13 + 8. Let i be 26/(-10) - 3/p. What are the prime factors of i/6*0 - -4?
2
Let s = -8 - -10. List the prime factors of s.
2
Suppose w - 3*w + 4 = 0. Suppose 0 = 4*h + d - 2*d - 103, 39 = w*h - 3*d. What are the prime factors of h?
3
List the prime factors of -4 - 237/(12/(-4)).
3, 5
Suppose 5*x - 81 - 254 = 0. What are the prime factors of x?
67
Suppose 336 = 9*x - 141. What are the prime factors of x?
53
Let w(u) = 35*u**3 + u**2 - 1. Let i be w(1). Let o = -23 + i. What are the prime factors of o?
2, 3
Suppose 27 = 5*h + 3*u, -5*h + 4*u - u = -33. List the prime factors of h.
2, 3
Let s(i) = 2*i - 7. Let r be s(8). List the prime factors of 35/15*(0 + r).
3, 7
Let j = 41 - 98. Let o be j/(-11) - (-8)/(-44). Suppose 0 = -2*u - s - 3*s - 2, -2*u - 5*s = o. What are the prime factors of u?
5
Let d(i) = -2*i**3 - 4*i**2 + 4*i + 7. What are the prime factors of d(-4)?
5, 11
Let o be (-1 + 0)/((-3)/207). Let v = -35 + o. Let d = v + -23. What are the prime factors of d?
11
Suppose 4*p - 2*i = 16, 0 = -2*p + 2*i - 2 + 6. Let q = p - -10. What are the prime factors of q?
2
Let w = 31 + 28. List the prime factors of w.
59
Suppose -2*z = z. Let r = z + -9. Let p = -6 - r. What are the prime factors of p?
3
Let m(l) = l**3 - 4*l**2 - 5*l + 1. Let c be m(5). Suppose 0 = x - 4 + c. Suppose -x*v = -0*v - 21. List the prime factors of v.
7
Suppose 0 = 2*q - x - 65, x + 91 = 5*q - 73. List the prime factors of q.
3, 11
Let s(g) = g + 2. Let q be s(-2). Suppose -h + z + 1 = q, 2*h = -h + 4*z - 2. List the prime factors of h.
2, 3
Let a = 27 - 6. List the prime facto